List the prime factors of 1733805.
3, 5, 1427
List the prime factors of 1200633.
3, 7, 57173
List the prime factors of 1172068.
2, 71, 4127
List the prime factors of 4423614.
2, 3, 13, 56713
List the prime factors of 32923.
11, 41, 73
List the prime factors of 12235577.
109, 112253
What are the prime factors of 12433516?
2, 3108379
List the prime factors of 121996.
2, 7, 4357
What are the prime factors of 244559?
7, 23, 31
List the prime factors of 3752209.
31, 121039
List the prime factors of 260370.
2, 3, 5, 11, 263
What are the prime factors of 1507150?
2, 5, 43, 701
What are the prime factors of 872762?
2, 11, 39671
List the prime factors of 5224577.
5224577
List the prime factors of 5290851.
3, 23, 76679
List the prime factors of 2999041.
2999041
List the prime factors of 191256.
2, 3, 13, 613
List the prime factors of 1199220.
2, 3, 5, 11, 23, 79
What are the prime factors of 481400?
2, 5, 29, 83
What are the prime factors of 79701?
3, 31, 857
What are the prime factors of 10210557?
3, 7, 17, 37, 773
List the prime factors of 1192762.
2, 277, 2153
List the prime factors of 8544531.
3, 29, 98213
List the prime factors of 4490404.
2, 43, 26107
List the prime factors of 139767.
3, 46589
List the prime factors of 609908.
2, 13, 37, 317
What are the prime factors of 11940378?
2, 3, 103, 139
List the prime factors of 13793263.
11, 107, 11719
What are the prime factors of 1177830?
2, 3, 5, 23, 569
What are the prime factors of 1569055?
5, 109, 2879
List the prime factors of 36181809.
3, 59, 67, 113
What are the prime factors of 155360?
2, 5, 971
What are the prime factors of 411089?
7, 58727
List the prime factors of 1657505.
5, 331501
List the prime factors of 187382.
2, 13, 7207
What are the prime factors of 1996673?
7, 151, 1889
List the prime factors of 188483.
188483
What are the prime factors of 30912174?
2, 3, 1717343
List the prime factors of 1805715.
3, 5, 40127
What are the prime factors of 393993?
3, 43777
List the prime factors of 7456906.
2, 37, 100769
What are the prime factors of 1317353?
491, 2683
What are the prime factors of 402259?
11, 13, 29, 97
List the prime factors of 5765596.
2, 317, 4547
List the prime factors of 254805.
3, 5, 16987
What are the prime factors of 869911?
7, 151, 823
What are the prime factors of 24205976?
2, 3025747
What are the prime factors of 1144662?
2, 3, 71, 2687
List the prime factors of 652486.
2, 107, 3049
List the prime factors of 563179.
19, 29641
List the prime factors of 151721.
173, 877
What are the prime factors of 6386135?
5, 7, 17, 10733
List the prime factors of 995692.
2, 229, 1087
List the prime factors of 65765.
5, 7, 1879
What are the prime factors of 230266?
2, 115133
List the prime factors of 64755.
3, 5, 1439
List the prime factors of 3038.
2, 7, 31
What are the prime factors of 9003536?
2, 562721
What are the prime factors of 2575334?
2, 229, 5623
What are the prime factors of 655940?
2, 5, 32797
List the prime factors of 1184335.
5, 236867
List the prime factors of 965766.
2, 3, 53, 3037
What are the prime factors of 121306?
2, 131, 463
List the prime factors of 301596.
2, 3, 41, 613
List the prime factors of 890526.
2, 3, 7, 13, 233
List the prime factors of 2819852.
2, 7, 14387
What are the prime factors of 5904614?
2, 2952307
What are the prime factors of 13274?
2, 6637
What are the prime factors of 974936?
2, 121867
List the prime factors of 190173.
3, 63391
List the prime factors of 17030942.
2, 8515471
What are the prime factors of 8980981?
17, 29, 18217
What are the prime factors of 331342?
2, 11, 15061
List the prime factors of 299727.
3, 17, 653
What are the prime factors of 4085665?
5, 19, 29, 1483
What are the prime factors of 943891?
13, 17, 4271
List the prime factors of 7171266.
2, 3, 37, 32303
List the prime factors of 1894319.
7, 19, 14243
List the prime factors of 819511.
7, 11, 29, 367
What are the prime factors of 2795166?
2, 3, 11, 19, 743
List the prime factors of 1130928.
2, 3, 23561
List the prime factors of 1175631.
3, 29, 13513
What are the prime factors of 8331930?
2, 3, 5, 30859
List the prime factors of 155595.
3, 5, 11, 23, 41
List the prime factors of 1961212.
2, 11, 29, 53
What are the prime factors of 976381?
7, 139483
What are the prime factors of 7816346?
2, 3908173
List the prime factors of 426970.
2, 5, 42697
What are the prime factors of 921679?
11, 23, 3643
What are the prime factors of 23714401?
59, 401939
What are the prime factors of 279308?
2, 69827
List the prime factors of 942602.
2, 471301
What are the prime factors of 1628455?
5, 325691
What are the prime factors of 624594?
2, 3, 41, 2539
List the prime factors of 3647127.
3, 11, 29, 37, 103
What are the prime factors of 187524?
2, 3, 5209
List the prime factors of 176080.
2, 5, 31, 71
List the prime factors of 1624672.
2, 7, 7253
What are the prime factors of 372446?
2, 73, 2551
What are the prime factors of 14869511?
41, 67, 5413
What are the prime factors of 2550004?
2, 769, 829
List the prime factors of 879308.
2, 17, 67, 193
What are the prime factors of 898484?
2, 17, 73, 181
What are the prime factors of 1083707?
1083707
List the prime factors of 378931.
7, 54133
List the prime factors of 8995505.
5, 103, 17467
What are the prime factors of 3612164?
2, 101, 8941
What are the prime factors of 83872?
2, 2621
What are the prime factors of 324781?
324781
List the prime factors of 204637.
43, 4759
What are the prime factors of 164223?
3, 71, 257
What are the prime factors of 273230?
2, 5, 89, 307
List the prime factors of 97760.
2, 5, 13, 47
What are the prime factors of 927439?
927439
What are the prime factors of 4900601?
4900601
List the prime factors of 123262.
2, 61631
List the prime factors of 966712.
2, 149, 811
What are the prime factors of 28204780?
2, 5, 1410239
List the prime factors of 1100730.
2, 3, 5, 36691
List the prime factors of 560245.
5, 7, 16007
What are the prime factors of 416681?
269, 1549
List the prime factors of 18558883.
7, 17, 83, 1879
What are the prime factors of 6561029?
53, 79, 1567
What are the prime factors of 30492793?
59, 257, 2011
What are the prime factors of 2268?
2, 3, 7
What are the prime factors of 546053?
546053
What are the prime factors of 91406?
2, 7, 6529
What are the prime factors of 489014?
2, 244507
List the prime factors of 8254816.
2, 19, 13577
List the prime factors of 284109.
3, 7, 83, 163
What are the prime factors of 32175?
3, 5, 11, 13
What are the prime factors of 1926188?
2, 11, 43777
What are the prime factors of 82478?
2, 11, 23, 163
What are the prime factors of 153045?
3, 5, 19, 179
What are the prime factors of 1725168?
2, 3, 127, 283
List the prime factors of 154443.
3, 51481
List the prime factors of 5865656.
2, 29, 131, 193
What are the prime factors of 2418543?
3, 103, 2609
List the prime factors of 38115445.
5, 17, 41, 10937
List the prime factors of 2001470.
2, 5, 233, 859
List the prime factors of 1462044.
2, 3, 73, 1669
What are the prime factors of 34619?
13, 2663
What are the prime factors of 507886?
2, 23, 61, 181
What are the prime factors of 15487409?
7, 2212487
List the prime factors of 476662.
2, 238331
What are the prime factors of 6338881?
79, 80239
What are the prime factors of 1696992?
2, 3, 11, 1607
List the prime factors of 9538783.
9538783
List the prime factors of 143233.
43, 3331
List the prime factors of 322620.
2, 3, 5, 19, 283
What are the prime factors of 226738?
2, 73, 1553
What are the prime factors of 5299?
7, 757
What are the prime factors of 342879?
3, 37, 3089
List the prime factors of 429215.
5, 85843
What are the prime factors of 4229447?
17, 23, 29, 373
What are the prime factors of 1776631?
43, 79, 523
List the prime factors of 111319.
13, 8563
What are the prime factors of 656171?
656171
What are the prime factors of 4564221?
3, 523, 2909
What are the prime factors of 4600040?
2, 5, 115001
What are the prime factors of 326766?
2, 3, 11, 4951
List the prime factors of 8296303.
251, 33053
List the prime factors of 49981.
151, 331
List the prime factors of 1813361.
11, 353, 467
List the prime factors of 2165978.
2, 1082989
What are the prime factors of 6190705?
5, 113, 10957
List the prime factors of 1419889.
19, 74731
List the prime factors of 121251.
3, 13, 3109
List the pri